et f(t) = -3*t + 2. Suppose -4*y = -3*p + 3, -3*y = -5*y + p - 3. What is the remainder when (-1)/(2/(-38)*1) is divided by f(y)?
8
Let r be (-1)/(-2)*(4 - 4). Suppose r*k - 3 = -k. Let u(t) = -t**3 + 2*t**2 + 5*t - 3. Calculate the remainder when 7 is divided by u(k).
1
Suppose -2*b - 20 = -7*b. Suppose -p - b*p = -5. Calculate the remainder when 1 is divided by p.
0
Let w(v) be the first derivative of -v**3/3 + 2*v**2 - v + 1. Let i be w(3). Let n = i - -3. What is the remainder when n is divided by 3?
2
Let s = 12 + -8. Suppose -26 = -s*y - 2*t, -3*t + 5 = -4*t. Let n = -10 - -14. What is the remainder when y is divided by n?
1
Let l = -12 + 30. What is the remainder when l is divided by 3?
0
Calculate the remainder when 50 is divided by (2 - 2) + (22 - (8 - 3)).
16
Let o(p) = 4*p**2 - 4*p + 3. Calculate the remainder when o(4) is divided by 30.
21
Let r(n) = -n + 10. Let o be r(-8). Let u = 29 - o. Calculate the remainder when u is divided by 3.
2
Let g = -163 + 232. Calculate the remainder when g is divided by 37.
32
Let r(g) = 32*g**2 + 3*g - 3. What is the remainder when r(-2) is divided by 15?
14
Let t be (9/(-6))/(3/(-42)). Let c = 106 - t. What is the remainder when c is divided by 22?
19
Let i be 5/(-3) + (-1)/3. Let c(j) = -2*j**3 - 2*j**2 - 4*j - 2. What is the remainder when c(i) is divided by 4?
2
Let k(g) = -g + 4. Let l be k(3). Suppose -9 + l = -4*w. Let f(q) = q**3 - q**2. Calculate the remainder when 10 is divided by f(w).
2
Suppose -5 = 3*i + 4, -5*z = -i - 23. Suppose z*j + 1 = -3. Calculate the remainder when -1 - (-4)/1 - j is divided by 3.
1
Let a be 1/((-2)/142*-1). Let p = 123 - a. Let x = 7 + 11. Calculate the remainder when p is divided by x.
16
Let a = -5 + 12. Suppose a = -5*j + 47. Calculate the remainder when 15 is divided by j.
7
Let u(x) = 1 - 2*x + 5*x - 4 + x**2 + 2*x**2. Suppose 4*i + 17 = 85. Calculate the remainder when u(-4) is divided by i.
16
Let c(s) = 14*s**2 + s - 1. Calculate the remainder when 66 is divided by c(1).
10
Let g(k) = 2 - 5 - 6 + 3 - 4*k. What is the remainder when 19 is divided by g(-4)?
9
Suppose 0 = h + 4*a - 4 - 3, 5*a = 5*h - 160. What is the remainder when 130 is divided by h?
22
Let f(d) = 25*d. What is the remainder when f(1) is divided by 9?
7
Suppose -4*l - 11 = -2*f - l, -5*f + 22 = -2*l. Let b(k) = 0 - 1 + f*k + 22*k**2 - 4*k. What is the remainder when b(-1) is divided by 11?
10
What is the remainder when (-55)/(((-2)/2)/((-12)/(-12))) is divided by 17?
4
Suppose -2*w - w = -18. Let i be (-2)/6 - (-39)/9. Calculate the remainder when 10 is divided by 40/6 - i/w.
4
Let x(k) = -k**3 + 3*k + 1. Let p be x(-2). Suppose p*d = 31 - 4. Calculate the remainder when 35 is divided by d.
8
Suppose n - 5*s + 3 = 0, -3*n + s + 26 = n. Let w(i) = -2*i**3 - i**2 - i - 1. Calculate the remainder when w(-2) is divided by n.
6
Suppose -147 = -4*n + n. Calculate the remainder when n is divided by 13.
10
Let l = 19 + -9. Calculate the remainder when 24 is divided by l.
4
Let m = -79 - -144. Let q = m + -18. What is the remainder when q is divided by 16?
15
What is the remainder when 16 is divided by 6 - 3*(-2)/2?
7
Let r(y) = y**3 - 4*y**2 + y + 1. Let k be r(7). Suppose k = 4*w + w. Calculate the remainder when w is divided by ((-16)/5)/((-2)/10).
15
Let v be (-114)/(-4)*(-4)/(-3). Calculate the remainder when 65 is divided by v - 8/(-12)*-6.
31
Suppose -3*b + 12 = b. Suppose -s - 69 = 4*n, -b*n - 44 = -2*s + 5. Let m = 28 + n. What is the remainder when m is divided by 6?
5
Suppose 4*t + 3*m = 36, 3*t - 27 = -0*t - 5*m. Suppose -3*c - v = -c + 39, -c - 4*v - t = 0. What is the remainder when 34 is divided by 6/c - (-86)/7?
10
What is the remainder when (0 - (-15)/(-2))*26/(-39) is divided by 4?
1
Let c = 155 + 82. Calculate the remainder when c is divided by 20.
17
Let p(u) = -u + 15. Let j be p(11). Suppose 2*w - 2*y + 8 = 5*w, -16 = -j*y. Suppose w = 5*r - 13 - 112. What is the remainder when r is divided by 13?
12
Let r(d) be the first derivative of d**4/4 + 4*d**3 + 4*d**2 - 15*d - 3. What is the remainder when 69 is divided by r(-11)?
15
Let a = 2 + -2. Suppose a = -5*h - 37 + 217. Suppose 43 = 8*j - 109. What is the remainder when h is divided by j?
17
Let i = -7 - -13. Suppose -u = -5 - 2. Suppose q + 5 + u = m, 0 = -2*q + 8. What is the remainder when m is divided by i?
4
Suppose 3*w = -2*z + 2*w + 9, 5*w = 5. What is the remainder when 4 is divided by z?
0
Suppose 0 = j - 2. Suppose j*z - z - 29 = 0. Calculate the remainder when z is divided by 8.
5
Let g(d) = -d**3 + 3*d**2 - 4. What is the remainder when g(-2) is divided by 0/1 + 3*3?
7
Let n be ((-128)/40)/((-4)/50). Let o = n - 21. What is the remainder when 37 is divided by o?
18
Let m(f) = 3*f**2 - 1. Let s = 7 + -4. Suppose 0 = 5*g - g + 20, s*a - 17 = g. Calculate the remainder when m(2) is divided by a.
3
Let r(n) = n**2 + 5*n + 11. Calculate the remainder when 41 is divided by r(-2).
1
Suppose -11*x = -4*x - 28. What is the remainder when 8 is divided by x?
0
Suppose l - 40 = -3*l. Suppose 2*y + 0*y = l. Calculate the remainder when y is divided by 2.
1
Suppose 0 = 3*b - 15, 1 = -j + 4*b - 14. What is the remainder when 19 is divided by j?
4
Let f(v) = v**2 - 2*v - 3. Let a be f(4). Suppose -2*m = 5*k - 2 - 1, 11 = 4*m + a*k. Let x = m + -2. Calculate the remainder when 2 is divided by x.
0
Suppose d - 6 = 29. Let z(o) = 10*o**2 + 3*o - 1. Calculate the remainder when d is divided by z(1).
11
Let d = -7 + 14. Calculate the remainder when 55 is divided by -14*(d - 3)/(-4).
13
Suppose -5 = -r + 2*k - 3*k, -2*k = 5*r - 16. Suppose 0 = 3*v - 3*z - 18, 0*v = -4*v + z + 12. What is the remainder when (r - 6/v) + 42 is divided by 11?
8
Let d(j) = -3 - 2 + 8*j + 0 - 1. Calculate the remainder when d(6) is divided by 15.
12
Suppose 2*q - 3*q - 17 = 0. Let c = 54 - q. What is the remainder when c is divided by 24?
23
Let p = -11 + 15. Calculate the remainder when 22 is divided by 7 - (-2)/p*2.
6
Let q(m) = -m**3 - m**2 + 3*m + 2. What is the remainder when 31 is divided by q(-3)?
9
Let o = -50 + 86. Suppose 0 = -4*i - f - 5 + o, -2*i + 11 = 5*f. What is the remainder when 15 is divided by i?
7
Suppose -5*i + 14 = -1. Suppose 2*d = -2*g - 0*g + 14, -g + 13 = 4*d. What is the remainder when g is divided by i?
2
Let j(a) = 2*a**2 + 2*a + 1. Let l be j(-2). Suppose -l*z = 3*n - 55, 4*n - 6 - 39 = -z. What is the remainder when 18 is divided by n?
8
Suppose 0*t - 4 = 4*t, 13 = 2*v - 3*t. What is the remainder when 12 is divided by v?
2
Suppose -m - 3 = 0, 3*l + 0*m = -5*m. Let u be 3/2 + (-776)/(-16). Suppose -3*p + 13 = f - 9, l*p - 5*f = u. What is the remainder when p is divided by 5?
3
Let d(n) = 3*n - 15. What is the remainder when 17 is divided by d(6)?
2
Let h(r) = -79*r**3 - r**2 - r - 1. Let q be h(-1). Suppose -5*m = 15, 5*m + 0*m + q = 3*s. What is the remainder when 61 is divided by s?
19
Let q(v) = 6*v - 4. What is the remainder when 23 is divided by q(2)?
7
Let a be 80/14 + 2/7. Suppose -3*t - t - 20 = 0, 2*t - 10 = -5*i. Let m = i + a. Calculate the remainder when 18 is divided by m.
8
Suppose -x - 2 + 3 = 0. Let t be (310/(-15))/(x/(-3)). Calculate the remainder when 10 is divided by 2/(-10) - t/(-10).
4
Let o(h) = -38*h - 2. What is the remainder when o(-3) is divided by 29?
25
Suppose 0 = 4*i + v + 7, -2*v - 1 = -2*i - 17. What is the remainder when 9 is divided by (-6)/(-5 + i/(-1))?
0
Suppose 6*i + 18 = 12*i. Calculate the remainder when 22 is divided by i.
1
Suppose 9 = 6*w - 3*w. What is the remainder when (1 - w)/((-5)/20) is divided by 5?
3
Suppose 0 = -2*h - t - 11, -2*h = h - 4*t. What is the remainder when 16 is divided by 18*(10/h)/(-5)?
7
Let o(p) = -5*p**3 - p**2 + p + 1. Let k = 4 - 2. Suppose -k*r = 4*t - 12, 5*r - 8 = t - 22. What is the remainder when o(r) is divided by 18?
17
Let q = 32 + -13. Let n = 22 + 28. Suppose n = 4*m + m. What is the remainder when q is divided by m?
9
Suppose -32 = 2*d - 4*d. Let q = 36 - 30. What is the remainder when d is divided by q?
4
Let k be (21 - -1)*3/(-6). Let o = 15 + k. Calculate the remainder when 14 is divided by o.
2
Let u(n) = -n - 5. Let v be u(-6). Let i be (-1)/3*(4 - v). Let m = 6 - i. What is the remainder when m is divided by 3?
1
Calculate the rem